) = -p**3 + 8*p**2 + p + 8. Determine o(7).
64
Let d(q) = 4*q**2 - 25*q + 4. Calculate d(6).
-2
Let i(r) = -r**3 + 8*r**2 - 5*r - 19. What is i(6)?
23
Let p(b) = 2*b**3 + 10*b**2 - 4*b + 3. Calculate p(-5).
23
Let s(b) = -32*b + 19. Determine s(0).
19
Let l(s) = -s + 3. Determine l(2).
1
Let w(u) = -10*u + 52. Give w(5).
2
Let a(f) = f**3 + 4*f**2 + 10*f + 24. Give a(-3).
3
Let m(k) = k**3 - 6*k**2 - 5*k - 6. What is m(7)?
8
Let c(k) = k**3 - 11*k**2 + 9*k + 6. Determine c(9).
-75
Let d(y) = y**3 + 19*y**2 - 66*y + 8. Determine d(-22).
8
Let y(h) = h**2 + 5*h - 6. Calculate y(-8).
18
Let m(h) = -2*h**2 - 10*h + 4. Determine m(-5).
4
Let a(c) = 3*c + 4. Calculate a(-5).
-11
Let x(s) = -2*s - 62. What is x(-10)?
-42
Let z(x) = 46*x + 7. What is z(-2)?
-85
Let u(h) = 2*h**3 + 59*h**2 - 31*h - 38. Determine u(-30).
-8
Let r(u) = u**2 + 20*u + 26. What is r(-21)?
47
Let o(g) = 4*g - 8. Calculate o(6).
16
Let w(x) = x**2 + 9*x + 4. Determine w(-6).
-14
Let y(i) = -i**2 + 2*i - 6. What is y(2)?
-6
Let d(c) = c + 25. Determine d(-15).
10
Let b(c) = -c**3 + 2*c**2 - 4*c - 3. What is b(-3)?
54
Let f(w) = -4*w + 6. Determine f(-8).
38
Let f(y) = -11*y**3 - 2*y**2 + 1. What is f(-1)?
10
Let q(k) = 3*k - 7. Calculate q(4).
5
Let c(t) = t**2 + 19*t - 5. Give c(-19).
-5
Let n(h) = 2*h - 18. Calculate n(-7).
-32
Let z(l) = -16*l + 2. Determine z(0).
2
Let j(b) = 11*b + 51. Calculate j(-7).
-26
Let r(y) = y**3 + 9*y**2 + 6*y - 1. Determine r(-8).
15
Let z(p) = -p**3 + 15*p**2 - p + 10. Give z(15).
-5
Let h(i) = -i**2 + 17*i - 35. What is h(15)?
-5
Let m(r) = -r**3 + r**2 + 36*r - 49. Give m(6).
-13
Let f(r) = 2*r - 33. Calculate f(-5).
-43
Let z(u) = -u**3 + 3*u**2 + 5*u - 6. Calculate z(4).
-2
Let d(s) = 2*s**3 - 11*s**2 + 5*s - 4. Give d(5).
-4
Let t(z) = -2*z - 43. Calculate t(15).
-73
Let u(p) = p**3 + p**2 + p + 2. Calculate u(0).
2
Let a(d) = 2*d**2 - 37*d - 17. Determine a(19).
2
Let i(s) = 5*s**2 - 83*s + 46. What is i(16)?
-2
Let o(g) = g. What is o(-7)?
-7
Let r(i) = i**3 - 4*i**2 - i - 4. Give r(4).
-8
Let b(s) = -6*s + 3. Calculate b(4).
-21
Let s(w) = -w**3 - 5*w**2 + w - 3. Calculate s(-5).
-8
Let g(u) = 2*u**3 - 4*u**2 + 4. What is g(-1)?
-2
Let n(j) = -3*j + 56. Give n(21).
-7
Let b(z) = z**2 + 39*z - 32. Give b(-40).
8
Let y(u) = -u**2 - 11*u - 24. What is y(-7)?
4
Let d(q) = -3*q**2 + 32*q - 14. Calculate d(10).
6
Let l(u) = u**3 + u**2 - 1. Give l(-1).
-1
Let r(d) = -4*d - 78. What is r(0)?
-78
Let m(v) = -v**3 - 6*v**2 + 17*v + 7. Determine m(-8).
-1
Let x(z) = 7*z - 12. Calculate x(2).
2
Let m(b) = -4*b - 66. Determine m(-8).
-34
Let i(t) = -t**2 - 18*t - 44. Give i(-15).
1
Let n(l) = -l**3 + 22*l - 11. Give n(4).
13
Let l(w) = w**3 - 4*w**2 - 4*w - 2. Calculate l(4).
-18
Let h(o) = 6*o - 5. What is h(4)?
19
Let l(u) = 27*u - 2. Give l(-2).
-56
Let n(l) = -l**2 + 3*l + 15. What is n(6)?
-3
Let w(u) = 2*u**3 - 7*u**2 + 7*u + 1. What is w(5)?
111
Let i(g) = -2*g - 5. What is i(5)?
-15
Let z(d) = -18*d + 3. Give z(3).
-51
Let c(a) = 4*a - 62. Determine c(20).
18
Let j(x) = x**3 + 4*x**2 - 8*x - 6. Calculate j(-5).
9
Let s(v) = -v**2 + 15*v + 18. Determine s(24).
-198
Let q(v) = v**3 + 4*v**2 - 9*v - 21. What is q(-5)?
-1
Let p(o) = -5*o + 18. Give p(-11).
73
Let v(l) = l**3 + 5*l**2 - 9*l - 5. Calculate v(-6).
13
Let d(x) = 5*x**3 + 2*x**2 - 2*x + 2. Give d(2).
46
Let t(p) = -14*p**3 + 2*p**2 - 18*p + 16. What is t(1)?
-14
Let r(n) = -5*n**2 - 94*n + 13. What is r(-19)?
-6
Let h(a) = 2*a**2 + 26*a - 2. Calculate h(-13).
-2
Let c(r) = -r**3 + 7*r**2 + 12*r + 41. What is c(9)?
-13
Let k(l) = l**3 - 25*l**2 + 50*l - 621. What is k(24)?
3
Let y(v) = v**2 - 6*v + 5. Calculate y(6).
5
Let g(i) = 2*i**2 - 4*i - 1. Give g(3).
5
Let s(k) = 5*k - 1. Calculate s(-5).
-26
Let o(l) = -4*l - 21. Determine o(-7).
7
Let g(c) = 16*c - 1503. Determine g(94).
1
Let z(x) = 2*x**3 + 6*x**2 + 4*x - 7. Calculate z(-3).
-19
Let c(v) = -8*v**2 + 11*v - 22. Give c(3).
-61
Let v(u) = 6*u**2 - u + 2. Give v(2).
24
Let w(x) = x**3 + 3*x**2 + 2*x + 37. What is w(-5)?
-23
Let o(y) = 2*y - 13. Calculate o(14).
15
Let l(d) = -3*d**3 + d**2 - 2*d. Calculate l(-2).
32
Let r(b) = -2*b**2 - 3*b + 67. What is r(10)?
-163
Let o(a) = 2*a**3 - 2*a + 2. Calculate o(-3).
-46
Let w(o) = -2*o**2 + 91*o - 476. Determine w(6).
-2
Let s(r) = 17*r + 24. Calculate s(4).
92
Let a(o) = -o - 4. What is a(-8)?
4
Let p(u) = -u**3 + 14*u**2 + 12*u + 20. Give p(14).
188
Let a(l) = l**3 - 4*l**2 - 3*l + 1. Determine a(3).
-17
Let c(i) = -i**2 - 3*i - 1. What is c(-6)?
-19
Let t(v) = -31*v + 189. Determine t(6).
3
Let l(m) = m**3 + 3*m**2 - 4*m. What is l(3)?
42
Let w(o) = 5*o - 24. Give w(-18).
-114
Let l(a) = -a**3 - 6*a**2 + a + 1. What is l(-6)?
-5
Let o(t) = 8*t**2 + t - 1. Give o(1).
8
Let m(i) = 4*i - 2. Determine m(-2).
-10
Let p(r) = -9*r + 12. Calculate p(2).
-6
Let f(l) = l**3 - 3*l**2 + 19*l - 28. What is f(2)?
6
Let c(i) = i**3 + 3*i**2 + 4*i + 3. Determine c(-2).
-1
Let n(s) = 6*s + 50. What is n(-10)?
-10
Let l(c) = -c**3 + 5*c**2 + 2*c + 4. Give l(-4).
140
Let w(r) = 6*r**3 + 4*r**2 + 5*r + 2. Determine w(-2).
-40
Let q(s) = -s - 2. Calculate q(-4).
2
Let o(b) = -b**3 - 12*b**2 - 2*b + 2. What is o(-12)?
26
Let u(v) = -v**2 - 13*v + 61. Determine u(4).
-7
Let l(a) = -8*a**3 + 6*a**2 - 8*a + 3. What is l(2)?
-53
Let u(q) = 4*q + 2. What is u(-4)?
-14
Let g(i) = i + 10. Determine g(-8).
2
Let j(n) = -n**3 + 13*n**2 - 13*n. What is j(10)?
170
Let c(v) = -v**3 - 9*v**2 - 9*v - 14. Determine c(-8).
-6
Let w(z) = -76*z - 533. Give w(-7).
-1
Let w(x) = -7*x - 8. What is w(7)?
-57
Let g(d) = 6*d**2 + 4*d + 3. Determine g(-2).
19
Let u(q) = q**3 + 5*q**2 - 8. Determine u(-3).
10
Let v(a) = 3*a**2 + 20*a + 4. Determine v(-7).
11
Let h(x) = -x**2 - x + 29. Determine h(-6).
-1
Let x(z) = z + 15. What is x(-12)?
3
Let c(a) = 22*a + 3. Determine c(2).
47
Let o(j) = 7*j**3 + 7*j**2 - 5*j - 3. Determine o(1).
6
Let n(i) = -19*i - 23. What is n(8)?
-175
Let o(j) = -2*j + 2. Calculate o(0).
2
Let l(j) = j**3 - 19*j**2 + 16*j + 43. Give l(18).
7
Let c(j) = -8*j - 56. Give c(-6).
-8
Let s(w) = -2*w**2 + 27*w + 141. Determine s(-4).
1
Let b(w) = -w**2 - 21*w - 61. Give b(-17).
7
Let j(f) = 2*f - 7. Determine j(4).
1
Let k(l) = l**2 + 5*l - 4. Calculate k(-6).
2
Let w(r) = 18*r**3 + r**2 - 2*r - 3. Give w(-1).
-18
Let y(u) = 7*u**3 - 3*u**2 + 3*u - 2. Determine y(1).
5
Let w(c) = c**3 + 6*c**2 + 8*c + 3. Determine w(-5).
-12
Let d(f) = 4*f - 102. What is d(28)?
10
Let y(t) = 11*t + 4. Give y(-1).
-7
Let t(q) = q**3 + 13*q**2 - q - 16. Calculate t(-13).
-3
Let c(a) = -a**2 + 11*a + 8. What is c(12)?
-4
Let r(s) = -s**3 - 7*s**2 - 8*s - 2. Calculate r(-6).
10
Let h(w) = w**2 + 6*w - 4. Give h(-10).
36
Let c(u) = -7*u - 52. Determine c(-8).
4
Let z(i) = 4*i**3 + i**2 - 4*i + 5. Calculate z(2).
33
Let k(j) = j - 19. Determine k(14).
-5
Let r(h) = 18*h + 6. What is r(0)?
6
Let r(x) = -x - 38. Give r(-45).
7
Let l(k) = 4*k - 24. Calculate l(7).
4
Let b(n) = 15*n**2 - 1. Determine b(1).
14
Let r(a) = 10*a - 301. Calculate r(30).
-1
Let d(k) = k**2 - 5*k - 14. Calculate d(8).
10
Let k(u) = u**3 - 10*u**2 + 17*u + 2. Determine k(7).
-26
Let x(u) = -u**3 + 15*u**2 + 18*u - 15. Determine x(16).
17
Let z(k) = 2*k**2 - 11*k + 6. Give z(0).
6
Let m(r) = -3*r + 1. Determine m(1).
-2
Let h(a) = 2*a**2 - 12*a + 5. Determine h(6).
5
Let f(i) = -4*i + 2. What is f(1)?
-2
Let u(a) = -12*a + 42. Determine u(5).
-18
Let t(y) = y**3 + y**2 - y - 49. Determine t(0).
-49
Let n(r) = -5*r - 7. What is n(9)?
-52
Let l(k) = -k**3 + 16*k**2 + 16*k + 19. Determine l(17).
2
Let d(c) = -c**2 + 8*c - 9. What is d(6)?
3
Let d(y) = -3*y**3 + 8*y**2 + 4*y. Calculate d(3).
3
Let g(o) = -4*o - 23. Determine g(-7).
5
Let l(y) = -y**3 + 5*y**2 - 6. Calculate l(5).
-6
Let q(x) = x**2 - 7*x + 4. Determine q(5).
-6
Let m(o) = -o**2 + 10*o - 25. Calculate m(6).
-1
Let o(b) = -b**3 + 6*b**2 + 17*b - 7. What is o(8)?
1
Let g(w) = 35*w**2 - 3*w - 3. Calculate g(-1).
35
Let p(d) = d**2 + 29*d + 75. What is p(-3)?
-3
Let d(g) = -g**3 - 3*g**2 + 4*g + 3. Calculate d(-5).
33
Let c(q) = q**3 + 8*q**2 - q - 2. Give c(-7).
54
Let v(n) = -n**2 + 2*n + 8. Give v(6).
-16
Let v(c) = -c**3 + 5*c**2 + 4*c + 6. What is v(6)?
-6
Let b(k) = k**3 + 4*k**2 + 19*k + 